t m be w(-10). Suppose -a + 2*c + 9 = m, -3*a = -c - 0*c - 47. List the prime factors of a.
17
Let g(v) = -v**3 + 4*v**2 - v - 2. Let h be g(3). Suppose d + h = 6. What are the prime factors of d?
2
Let s = 6 - -1. List the prime factors of (-6 + s)/(1/6).
2, 3
Let i(s) = -s**3 - 9*s**2 - 9*s - 6. Let y be i(-8). Suppose 5*l + y*t = 1 + 22, -5*l - 4*t + 21 = 0. Suppose 0*h - 10 = -l*h. List the prime factors of h.
2
Let l(a) = a**2 + 9*a + 8. Let z be l(-8). Suppose z = 5*s + q - 25, 4*s - 5 + 4 = 3*q. Suppose 23 = s*j + 3. What are the prime factors of j?
5
Let c(u) = 18*u + 4. List the prime factors of c(3).
2, 29
Suppose 0 = 4*u + v - 55, -2*u + 4*u + 2*v - 26 = 0. Let f = -5 + u. List the prime factors of f.
3
Let x = 54 - 22. What are the prime factors of x?
2
Suppose 12*u + 1608 = 18*u. What are the prime factors of u?
2, 67
What are the prime factors of -40*(-2 - -10)/(-4)?
2, 5
Let y(p) = 10*p - 10. Let l be y(-7). Let c be (l/15)/(2/(-6)). Suppose 2*d + 2*d - c = 0. What are the prime factors of d?
2
Let j(q) = -q**2 + q + 11. Let m be j(0). Let r = m - 15. What are the prime factors of (15/(-2))/(2/r)?
3, 5
Let k(y) = y**3 + y**2 - 19*y. List the prime factors of k(6).
2, 3, 23
Suppose -2*l = 3*l. Let j = 2 - l. What are the prime factors of (-1 + j)/(1/3)?
3
Suppose 35 = v + 11. What are the prime factors of v?
2, 3
Let d(s) = -s**2 - 8*s + 8. Let h be d(-8). List the prime factors of 200/h + -2 + -1.
2, 11
Let r(y) = 7*y - 12. Let g be r(5). Suppose 2*a + 1 - g = z, 0 = 4*z + 8. What are the prime factors of a?
2, 5
Let s(l) = 3*l**2 + l**2 + l**3 - 5 - l + 0*l**3 + 2*l**2. Let y be s(-4). Let g = y - 12. List the prime factors of g.
19
Let n(g) = g. Let c be ((-4)/(-6))/((-8)/(-36)). Suppose 6 = x - c. List the prime factors of n(x).
3
Let f be 4/(-6) + (-56)/6. Let l be (1 - -1)*(-15)/f. Suppose -3*x - l*k + 15 = -12, 5*x = -k + 53. What are the prime factors of x?
11
Let r(o) = -6 + 15 + 4*o - 5*o. Let y be (-3)/4 - (-69)/12. What are the prime factors of r(y)?
2
Suppose -a - 2*a + 4*z = -30, 2*a = 2*z + 18. Suppose 2*h + a = -0*h. List the prime factors of 2/3 + (-28)/h.
2, 5
Let h = 7 - 7. What are the prime factors of (h - -3)/((-5)/(-25))?
3, 5
What are the prime factors of (0 + 3)/6 + (-1812)/(-8)?
227
Let i(j) = -j**3 + 4*j**2 + 5*j. Let n be i(5). List the prime factors of 2 - n - 34/(-1).
2, 3
Let x(a) be the third derivative of -a**6/120 - a**5/6 + a**3/3 - 2*a**2. List the prime factors of x(-10).
2
Suppose 3*b - 2*b - 95 = -u, 6 = -2*b. What are the prime factors of u?
2, 7
Suppose 287 + 676 = 9*x. List the prime factors of x.
107
Let u = 5 - 1. What are the prime factors of 26/8 - 1/u?
3
Suppose 3*w + 30 = 8*w. Suppose -9 = -3*o, -3*o + w = 4*c - 5*c. What are the prime factors of 0 + (1 + 8)/c?
3
Let i(h) = -h**3 + 6*h**2 + 7*h + 8. Let f = 14 + -7. Let s be i(f). Suppose -2*k - s + 1 = -m, -3*m - k = -14. What are the prime factors of m?
5
Let d(w) = -2*w**2 - w**3 - 2*w**3 + 3*w - 5*w + 2*w**3. What are the prime factors of d(-2)?
2
Let r(l) = -l**3 + 15*l**2 + l - 6. What are the prime factors of r(15)?
3
Suppose 6*z = 3*z + 468. What are the prime factors of z?
2, 3, 13
Let k(t) = -t. Let s be k(-4). Let d = s + 3. List the prime factors of d.
7
Suppose 5*o - 2*a = -3*a + 109, 49 = 2*o - 5*a. List the prime factors of o.
2, 11
List the prime factors of (-102)/(-4)*24/18.
2, 17
Suppose -c = 3*c - 20. Suppose -3*x = -17 + c. Suppose -x = -s + 3. What are the prime factors of s?
7
Let q = -3 + 6. Suppose -3*u + 4*l - 5*l + 52 = 0, 60 = 3*u - q*l. List the prime factors of u.
2, 3
Let b(h) = -2*h - 5. Let r(w) = w + 4. Let a(d) = 5*b(d) + 6*r(d). Let z be a(-1). Suppose 0 = f + j - 4, -z*f + 5 = -j - 3*j. List the prime factors of f.
3
What are the prime factors of -148*1*63/(-36)?
7, 37
Let y(t) = 5*t - 6. Suppose o - 3*d = -5, 4*o + 4*d = 5*d + 13. Suppose -o*s + 6 = 3*b - 5*b, -4*b = -4*s - 4. List the prime factors of y(s).
2, 7
Suppose 15*b = 6*b + 108. What are the prime factors of b?
2, 3
Suppose -2*u = -0*u - 24. What are the prime factors of (124/u)/((-4)/(-12))?
31
Let w = -4 - -6. Suppose w*c + 3*c + 30 = 0. Let h = 0 - c. List the prime factors of h.
2, 3
Suppose -2*n - 2 = -n. Let t = -5 + 4. What are the prime factors of (2 - -2 - n) + t?
5
Let u(z) be the second derivative of z**3/6 + 5*z**2 - 3*z. What are the prime factors of u(0)?
2, 5
Suppose -5*n + 6*n + 2 = 0, -22 = 2*b + 5*n. Let v = 7 + b. Suppose 0 = 2*a - 13 - v. List the prime factors of a.
7
Let m(x) = 2*x**3 - 4*x**2 + x + 2. Let h be m(2). Suppose -h + 3 = d. What are the prime factors of (d - 1)/(2/(-3))?
3
Let h(c) be the third derivative of c**6/30 + c**5/30 - c**3/3 + 5*c**2. What are the prime factors of h(2)?
2, 19
Suppose 8*a = 2*a + 24. What are the prime factors of a?
2
Let c be -63*3/(1 + 2). Let j be c*3/15*-5. Suppose -2*z = -5*z + j. What are the prime factors of z?
3, 7
Suppose 5*h = -d + 3*d + 199, -5*d - 88 = -2*h. What are the prime factors of h?
3, 13
Let x = 0 - 3. Let w = x - -21. Let b = 27 - w. List the prime factors of b.
3
Let h = 85 + -70. List the prime factors of h.
3, 5
Suppose 2*h + 5 = z, -2*z + h = -0*z - 7. Suppose z*f - 39 = -0*f. Let p = f + -7. What are the prime factors of p?
2, 3
Let v = -2 + 6. Suppose 3*x + 4*f = 62, 0 = 2*x - 2*f - 1 - 17. Suppose v = s - x. What are the prime factors of s?
2, 3
Let a(r) = 4*r + 28. What are the prime factors of a(0)?
2, 7
Let k = 66 + -50. List the prime factors of k.
2
Let x(p) be the first derivative of p**2/2 - 7*p + 2. Let c be x(9). Let h(m) = m**2 - 2*m + 2. List the prime factors of h(c).
2
Suppose 0 = -2*y - 29 + 11. Let u = 33 + y. What are the prime factors of u?
2, 3
Let z(d) = d. Let i(y) = y - 14. Let b(t) = i(t) + 2*z(t). What are the prime factors of b(10)?
2
List the prime factors of (-1)/(((-12)/582)/2).
97
Let y(v) = -v**2 - 2. Let g be y(0). Let i(w) = w**2 + 3*w + 3. Let a be i(g). List the prime factors of (-1)/1 - (a + -7).
5
Let i(u) = -6*u - 4. Let d(o) = -o - 1. Let q(p) = 10*d(p) - 2*i(p). List the prime factors of q(4).
2, 3
Let q = -8 + 9. What are the prime factors of 4 - q - (-8 + 5)?
2, 3
Let z be 5/2*48/15. Suppose 3*v = z*v + y + 10, 0 = -3*v - 4*y - 6. Let g = v + 21. List the prime factors of g.
19
Suppose 3*a - 1285 = -2*a. List the prime factors of a.
257
Let v = -5 + 7. Suppose -26 = -2*t - 4*a, -v*a = -3*t - 0*t + 15. List the prime factors of t.
7
Let w(d) = d**2 - 9*d + 11. Let n be ((-9)/(-4))/((-3)/36). Let h = -18 - n. What are the prime factors of w(h)?
11
Suppose 4*j = 4*d - 72, 5*j + 14 + 61 = 2*d. Let x be (-3)/3 - (-1 + j). Suppose n + 2 = 5*p - x, 2*n + 5 = 5*p. What are the prime factors of n?
2, 5
Let v(u) = u**3 + 7*u**2 + 7*u + 8. What are the prime factors of v(-6)?
2
Suppose -3*a + 5*a = 14. What are the prime factors of a?
7
Let k(j) = 10*j - 22. What are the prime factors of k(7)?
2, 3
Let i(r) = r**2 - 6*r + 12. List the prime factors of i(8).
2, 7
Suppose 2*i - 20 = i. Let m = -6 + i. List the prime factors of m.
2, 7
Let r(t) = -2*t + 9. Let c be r(12). What are the prime factors of (-336)/c - (-6)/(-15)?
2, 11
Suppose 7*i - 204 = 3*i. Suppose -2*b - 3*h + i = 0, 4*h - 55 - 19 = -3*b. List the prime factors of b.
2, 3
List the prime factors of (360/28)/(3*1/42).
2, 3, 5
Suppose 70 = 5*p - 4*p. What are the prime factors of p?
2, 5, 7
Suppose o + 573 = 5*p - 1342, -2*o + 1546 = 4*p. List the prime factors of p.
2, 3
What are the prime factors of 2/(-16) + (-8646)/(-48)?
2, 3, 5
Let i(h) = -3*h**2 - h + 214. List the prime factors of i(0).
2, 107
Let n = 7 - 3. Let z(i) = -i**2 - 7*i + 10. Let u be z(-8). Suppose u*k - 20 = s - n, 5*k = 2*s + 41. What are the prime factors of k?
3
Let z(o) = 29*o**2 - o. Let t be z(1). Let p = -10 + t. What are the prime factors of p?
2, 3
Let n = -28 + 46. Suppose 5*l - n = -3. Suppose -l*c + 2 + 6 = 2*k, 5*k - 2*c = 58. List the prime factors of k.
2, 5
Let s(f) = 14*f**2 + f**3 + 0*f**3 - 6 + 12*f + 0*f**3. Suppose -5*y - 2*o - 58 = 13, -77 = 5*y + 4*o. List the prime factors of s(y).
7
Let r = -38 + 62. What are the prime factors of r?
2, 3
Let z = 23 - -7. Suppose z = 3*l - 15. List the prime factors of l.
3, 5
Let w(d) = 3*d**2 - 2*d - d**3 + 0*d**3 + 5*d - 2. S